7?
1
What is the highest common factor of 22152 and 2184?
312
What is the highest common factor of 70585 and 30463?
743
Calculate the highest common divisor of 1535373 and 63.
63
What is the greatest common factor of 1 and 810473?
1
What is the greatest common divisor of 28060 and 7360?
460
Calculate the highest common divisor of 11043612 and 1332.
1332
What is the greatest common divisor of 9 and 72591?
3
What is the greatest common divisor of 179326 and 14?
14
Calculate the greatest common factor of 55029 and 312.
39
What is the greatest common factor of 16 and 1900448?
16
Calculate the greatest common divisor of 19669 and 221.
221
Calculate the greatest common factor of 107838 and 12.
6
What is the highest common divisor of 1120 and 59136?
224
What is the highest common factor of 6 and 702693?
3
What is the highest common factor of 14222 and 52?
26
What is the greatest common factor of 94472 and 49?
49
What is the highest common divisor of 1508 and 3822?
26
What is the highest common divisor of 416421 and 194?
97
What is the greatest common factor of 835 and 8858515?
835
Calculate the greatest common divisor of 28 and 11204.
4
What is the greatest common divisor of 712 and 2409497?
89
Calculate the highest common factor of 405352 and 24.
8
What is the highest common factor of 2925 and 125073?
117
What is the greatest common factor of 173082 and 156?
78
What is the greatest common factor of 518 and 23051?
259
What is the highest common factor of 156563 and 473?
473
What is the greatest common factor of 6570 and 102054?
438
Calculate the greatest common divisor of 650 and 9480.
10
Calculate the greatest common factor of 168881 and 16227.
601
Calculate the highest common factor of 529717 and 97.
97
What is the highest common factor of 200116 and 784?
196
What is the greatest common factor of 4 and 329870?
2
Calculate the highest common divisor of 220 and 15015.
55
Calculate the greatest common factor of 16058 and 19795.
37
What is the greatest common factor of 10340 and 135172?
188
Calculate the highest common divisor of 452 and 6337266.
226
What is the highest common factor of 333 and 18243?
9
Calculate the highest common factor of 26 and 279331.
13
What is the highest common divisor of 50670 and 450?
90
What is the greatest common divisor of 153 and 306144?
9
Calculate the greatest common factor of 6674 and 3713.
47
Calculate the highest common divisor of 182 and 3962.
14
Calculate the highest common divisor of 72030 and 420.
210
Calculate the greatest common divisor of 1266 and 40934.
422
Calculate the greatest common divisor of 3914 and 824.
206
Calculate the greatest common factor of 5040 and 680.
40
What is the highest common factor of 858504 and 96?
24
Calculate the highest common divisor of 1374 and 370064.
458
Calculate the greatest common factor of 31968 and 15318.
666
What is the greatest common divisor of 1095567 and 66?
33
What is the highest common divisor of 17 and 17646?
17
What is the greatest common factor of 3340 and 90020?
20
What is the highest common factor of 1518 and 1474?
22
Calculate the highest common divisor of 110520 and 90.
90
Calculate the greatest common divisor of 9 and 29136.
3
What is the highest common divisor of 7676 and 7296?
76
What is the greatest common factor of 3530 and 108371?
353
Calculate the highest common factor of 24629 and 44.
11
What is the greatest common divisor of 72 and 783424?
8
Calculate the highest common factor of 3 and 729.
3
What is the highest common factor of 25067 and 371?
7
Calculate the greatest common factor of 801 and 43.
1
What is the greatest common factor of 585 and 2396160?
585
What is the highest common divisor of 427002 and 6?
6
What is the highest common divisor of 929050 and 2550?
850
What is the highest common divisor of 2208 and 3174?
138
Calculate the greatest common factor of 1239 and 5393367.
1239
What is the highest common divisor of 156 and 88764?
156
Calculate the highest common divisor of 8 and 370982.
2
What is the greatest common divisor of 1782 and 6138?
198
Calculate the highest common divisor of 1235 and 305.
5
What is the highest common divisor of 10681 and 561?
11
Calculate the greatest common divisor of 12 and 21116.
4
What is the highest common factor of 2871648 and 767?
767
What is the greatest common divisor of 29582 and 70?
14
Calculate the greatest common divisor of 45332 and 910.
14
What is the highest common divisor of 108 and 11268?
36
What is the highest common divisor of 12990 and 510?
30
What is the highest common factor of 9 and 21138?
3
What is the highest common factor of 541 and 275369?
541
What is the highest common divisor of 62596 and 4?
4
Calculate the highest common factor of 84320 and 960.
160
What is the highest common factor of 189 and 187299?
189
Calculate the greatest common factor of 1323 and 7749.
189
What is the highest common factor of 2063479 and 2398?
1199
What is the greatest common divisor of 156795 and 105?
15
What is the highest common divisor of 204 and 7718?
34
What is the highest common divisor of 10964 and 28?
4
What is the highest common divisor of 9504 and 135?
27
What is the greatest common divisor of 6095 and 2944?
23
Calculate the greatest common factor of 578800 and 40.
40
Calculate the highest common divisor of 31 and 635.
1
What is the greatest common divisor of 304 and 2152?
8
What is the greatest common factor of 3 and 81615?
3
Calculate the greatest common divisor of 260 and 24680.
20
Calculate the highest common factor of 92411 and 1705.
341
Calculate the greatest common divisor of 409643 and 78.
13
Calculate the greatest common factor of 109 and 15696.
109
What is the highest common factor of 57 and 24833?
19
What is the highest common divisor of 136 and 152694?
34
Calculate the highest common factor of 30541 and 21.
7
What is the highest common divisor of 86261 and 1036?
7
Calculate the highest common factor of 40 and 19288.
8
What is the highest common factor of 82668 and 24?
12
Calculate the greatest common factor of 37818 and 1342.
22
Calculate the greatest common divisor of 2570438 and 26.
26
Calculate the highest common factor of 19 and 911943.
19
What is the highest common factor of 262 and 143314?
262
Calculate the greatest common factor of 2332 and 2825218.
1166
What is the greatest common divisor of 1937415 and 3975?
795
What is the highest common factor of 4997542 and 22?
22
What is the highest common divisor of 60 and 1375380?
60
Calculate the highest common factor of 775 and 560635.
155
What is the greatest common divisor of 3677604 and 588?
84
What is the greatest common divisor of 302458 and 1846?
26
What is the highest common divisor of 224 and 2567376?
112
Calculate the greatest common divisor of 25193 and 123403.
427
What is the greatest common factor of 209312 and 224?
32
What is the greatest common divisor of 270658 and 2?
2
Calculate the highest common divisor of 273 and 48399.
39
Calculate the greatest common divisor of 14898 and 49278.
1146
What is the greatest common divisor of 83 and 3403?
83
What is the greatest common divisor of 1834 and 10920?
14
What is the highest common factor of 808 and 360?
8
What is the greatest common factor of 4082427 and 189?
27
Calculate the highest common divisor of 695 and 106891.
139
What is the greatest common divisor of 20 and 34330?
10
Calculate the greatest common factor of 2494 and 1044.
58
What is the highest common factor of 1011747 and 207?
69
What is the highest common divisor of 21 and 8267?
7
Calculate the greatest common divisor of 7616 and 35.
7
What is the greatest common divisor of 776 and 265974?
194
What is the highest common divisor of 55354 and 273?
13
Calculate the greatest common factor of 85 and 78540.
85
What is the greatest common divisor of 28 and 2252?
4
Calculate the greatest common divisor of 1001 and 633248.
77
Calculate the highest common divisor of 214434 and 1782.
594
Calculate the highest common divisor of 154 and 16896.
22
What is the greatest common divisor of 1700 and 34663?
17
Calculate the greatest common divisor of 275 and 203005.
55
What is the highest common divisor of 10416 and 3696?
336
What is the greatest common factor of 322 and 41482?
14
Calculate the highest common factor of 15498 and 13104.
